8. What are the prime factors of 271/7 + (-26)/p?
3, 13
Let t(b) = -16*b**3 + 3*b**2 + 4*b + 5. Let n be t(-2). Suppose -n = -5*q - 7. What are the prime factors of q?
2, 13
Let q(b) = 2*b + 7. Let l be q(-7). Let m = 7 + l. Suppose 0 = -3*f + 12 - m. List the prime factors of f.
2
Let o = 6232 - 4144. Suppose 2225 = 19*s - o. List the prime factors of s.
227
Suppose 0 = c + 3*u - 1474, 5*c - 4*u = -2*u + 7285. List the prime factors of c.
1459
Let q(j) = 3*j**2 - 6*j - 9. Let i be q(7). Suppose i = s + s. What are the prime factors of s?
2, 3
Let y(h) = 87*h + 5. Let d(j) = -87*j - 4. Let c(n) = -6*d(n) - 5*y(n). What are the prime factors of c(1)?
2, 43
Let m(r) = -r**3 - 19*r**2 + 12*r - 29. What are the prime factors of m(-20)?
131
Let j(h) = h**3 + 9*h**2 + 3*h + 4. Suppose 2*m = -8 - 0. What are the prime factors of j(m)?
2, 3
Let c(i) = 389*i + 2. Let j = 35 - 33. Let d be c(j). What are the prime factors of d/14 - (-18)/63?
2, 7
Let c be 21/(-27) - (-2)/(-9). Let a be 3/(-6)*c*2. List the prime factors of 3 + (6 - -1 - a).
3
Suppose -2*f - 852 = -6*f - 5*a, -f = -3*a - 230. What are the prime factors of f?
2, 109
Suppose v - 3*d = -44, -d + 89 = -3*v - 3. Suppose 5*s + 168 = 9*s. Let z = v + s. What are the prime factors of z?
13
List the prime factors of (265 - 35)*(-7)/(-2).
5, 7, 23
Suppose 0 = 3*m + 4*i - 138, 0 = -2*m - 2*i + 70 + 24. Let t = -20 + m. What are the prime factors of ((-560)/t)/(1/(-3))?
2, 7
Let l(z) = -z**3 + 2*z**2 - 2*z + 7. Let b be l(3). Let j(a) = -a**3 - 6*a**2 - 7*a + 21. What are the prime factors of j(b)?
5, 41
Suppose -24 - 1 = a. Let o = 42 - a. List the prime factors of o.
67
Let q(a) be the first derivative of a**2/2 + a + 8. Let n be q(-15). Let z = 33 + n. What are the prime factors of z?
19
Let z(l) = 130*l + 99. What are the prime factors of z(8)?
17, 67
Let x = -2135 - -2320. What are the prime factors of x?
5, 37
Let a = -14 - -16. Suppose 6*m - b = 2*m + 227, -4*b = a*m - 100. Suppose 0 = -3*x - x + m. What are the prime factors of x?
2, 7
List the prime factors of (-42 - -71)/((-2)/(-360)).
2, 3, 5, 29
List the prime factors of 0 - -2 - (2 - 1994).
2, 997
Let r be (-4 + 1)/(-4 + (-4 - -5)). List the prime factors of (-36)/((r - 2/(-6))/(-2)).
2, 3
Suppose -d - s - 19 = -73, 0 = 5*d - 5*s - 270. Let n = d + -25. List the prime factors of n.
29
Let o(l) = -l**3 + 3*l**2 + 3*l + 3. Let z be o(-2). Let b be 3/(-9)*0 + z. Suppose 0 = -4*s - 5*w + b - 1, 0 = 4*s - 5*w - 16. List the prime factors of s.
2
Let l be 9/1*-1*-1. Let m(g) = g**2 - 8*g - 9. Let s be m(l). Suppose 0 = -n + c - 0*c + 3, s = 5*n + 2*c - 15. List the prime factors of n.
3
List the prime factors of 12418/(-4)*120/(-210).
2, 887
Let d be ((-272)/20)/((-2)/5). Let o = -20 + d. What are the prime factors of o?
2, 7
Suppose 0 = 4*w - v - 17, 4*w + 3*v = -2*v + 11. Suppose 5*u = 19 - 9. Suppose -u*o + w*b = -50, o - 2*b + 5*b = 5. What are the prime factors of o?
17
Let n = 100 - 94. Suppose 958 - 2590 = -n*m. What are the prime factors of m?
2, 17
Let k = 818 + -810. Let a be 1/3 - 95/(-3). Let m = k + a. What are the prime factors of m?
2, 5
Suppose -3481 = -i + 4*o + 644, 0 = 2*i - 2*o - 8262. List the prime factors of i.
4133
Let h = 21 - 19. Suppose 0 = -n - h*n + 282. Let a = n - 47. List the prime factors of a.
47
Let s(h) = -h**3 + 17*h**2 - 12*h - 61. Let x be s(16). Suppose -3*v - 5*y + 173 = 0, 3*v + 6*y - x*y - 177 = 0. List the prime factors of v.
61
Let q(y) = -2*y**2 + 16*y - 9. Let b be q(7). Suppose 3*h = -h - b*j + 425, 2*j - 212 = -2*h. Suppose -14*k + 9*k + h = 0. List the prime factors of k.
3, 7
Let x = 1740 - 1460. What are the prime factors of x?
2, 5, 7
Let d(z) = -z - 10. Let v be d(-6). Let q be (-392)/(-32) + (-3)/v. Let k = 28 - q. What are the prime factors of k?
3, 5
Let h(k) = k**3 - k**2 - 26. Let b be h(0). Let g = b - -98. What are the prime factors of g?
2, 3
Let q(c) = 5*c**2 - 13*c - 44. What are the prime factors of q(18)?
2, 11, 61
Suppose -4145 = 24*c - 29*c. List the prime factors of c.
829
Let r be (1/2)/(5/20). Let b(p) = -6 - 1 - r + 4*p + p. List the prime factors of b(7).
2, 13
Let s be (-4)/14 - 44/(-7). Let x be 6/(-8)*(-24)/s. Let u = x - -4. What are the prime factors of u?
7
What are the prime factors of (-308)/((20/65)/(-2))?
2, 7, 11, 13
Let g be (-4)/10 + 51/15. Suppose -2*m - g*c + 189 = m, 3*c + 219 = 3*m. What are the prime factors of m?
2, 17
What are the prime factors of (-28)/((-42)/(-357) + (-3)/17)?
2, 7, 17
Suppose -2*t + 42 = -16. Suppose t = -4*a + 61. What are the prime factors of a?
2
Let j = -9 - -10. Let x(f) = 118*f - 2. List the prime factors of x(j).
2, 29
Suppose -6 - 9 = -5*o - 2*s, 12 = 4*o - s. Suppose 17 + 13 = o*a. Suppose -j = -8 - a. List the prime factors of j.
2, 3
Let s = -16 + 26. Let n = -8 + s. Suppose -n*c = -0*c - 56. What are the prime factors of c?
2, 7
Let r(u) = -u**3 - 16*u**2 - 24*u + 58. What are the prime factors of r(-18)?
2, 569
Suppose 5*h + 17*h - 792 = 0. List the prime factors of h.
2, 3
Suppose f + 5*m - 12 = 0, -4*f - 7 = 3*m + 13. Let q(p) = p**2 + 5*p + 12. Let a be q(f). Let o = -3 + a. List the prime factors of o.
3, 11
Suppose 61*r = -4*n + 66*r + 10406, 0 = 2*n - 2*r - 5202. List the prime factors of n.
23, 113
Let u(f) = 240*f + 13. Let k be u(2). Suppose -3*g - 5*m + k = 0, 755 = 4*g + g - 5*m. What are the prime factors of g?
2, 3, 13
Suppose 0 = -11*d + 2354 + 341. List the prime factors of d.
5, 7
Suppose 4 = 3*s - 5. Suppose -s = -6*v + 189. What are the prime factors of v?
2
Let f(s) = -s - 8. Let q be f(-8). Suppose -3*y + y + 80 = q. What are the prime factors of (y/(-12))/((-2)/3)?
5
Let h = 11 - 14. Let r = h - -188. List the prime factors of r.
5, 37
Suppose -5*c + 24 = 9. List the prime factors of -39*(-2)/c - -4.
2, 3, 5
Let k = -263 - -350. What are the prime factors of k?
3, 29
Let n = 1647 - 1479. What are the prime factors of n?
2, 3, 7
Suppose 2*h = -5*y - 8 + 3, -y + h - 8 = 0. Let w be 4/y*4680/(-3). What are the prime factors of (-3)/(-7) + w/112?
19
Let h be (-3)/((-9)/6)*-8. Let r(l) be the first derivative of -l**3/3 - 15*l**2/2 + 21*l - 1. What are the prime factors of r(h)?
5
Let u = -152 - -379. What are the prime factors of u?
227
Let o = 47 - 59. Let m(x) = -x**3 + 6*x**2 - 1. Let r be m(6). Let h = r - o. What are the prime factors of h?
11
List the prime factors of 21714/26 + (-2)/13.
5, 167
Let z(r) = -r**3 - 2*r**2 + 7. Let h be z(0). List the prime factors of (h/(35/(-110)))/((-2)/7).
7, 11
Suppose 3*t = 1 + 14, 0 = y + t - 104. What are the prime factors of y?
3, 11
Let o(r) = r**3 + 19*r**2 + 13*r + 28. What are the prime factors of o(-9)?
7, 103
Suppose 45*w + w - 79304 = 0. List the prime factors of w.
2, 431
Suppose -q - 60 = -16. Let a = 239 + q. Suppose 0*v + 148 = 4*v + 4*d, 5*d + a = 5*v. What are the prime factors of v?
2, 19
Let b(x) = x**3 - 4*x**2 - 4*x - 10. What are the prime factors of b(9)?
359
Suppose 2 = 2*n - t - 0, 0 = -5*n - 2*t - 4. Suppose -4*u - 4*d + 23 + 585 = n, 0 = 3*u - d - 460. List the prime factors of u.
3, 17
Let b(i) be the first derivative of -3 + 17/2*i**2 + i. What are the prime factors of b(1)?
2, 3
List the prime factors of (-1500)/((-100)/(-60)*4/(-10)).
2, 3, 5
Suppose 5*g - 47 = 278. Let b = 105 - g. What are the prime factors of b?
2, 5
Let x(y) = -y**2 - 7*y + 46. Let o be x(-11). Suppose -3*t + o*p + 295 = 0, p + 494 = 5*t - 0*t. List the prime factors of t.
3, 11
Let k(f) = 19*f + 2. Let z be k(3). Let c = z - 39. What are the prime factors of c?
2, 5
Let t(o) = -o - 1. Let r be t(-1). Let i be 50/(-4)*32/40. List the prime factors of (r + 74)*(-5)/i.
37
Let h(s) = 18*s + 1. Let p be h(-2). Let f = p - -165. What are the prime factors of f?
2, 5, 13
Let u = 487 + -231. List the prime factors of u.
2
Let k(l) = -l**3 + 13*l**2 - 2*l. Let r be k(10). Suppose -2*d + r = 2*d. What are the prime factors of d?
2, 5, 7
List the prime factors of 1/(-6 - 290691/(-48447)).
7, 769
Let f(z) = z**3 + 5*z**2 - 9*z - 18. Let m be f(-6). List the prime factors of (-2 - m)*429/(-6).
11, 13
Let s be 2/1*(-4)/((-24)/15). Let n(c) = c**2 + 1. What are the prime factors of n(s)?
2, 13
What are the prime factors of (-533)/(-2) - 9/(-18)?
3, 89
Let w(p) be the t